t y(m) = r*u(m) - 3*j(m). Determine y(5).
-2
Let s(w) be the first derivative of w**4/4 + w**3/2 + w**2 + 5*w - 12. Let g(d) be the first derivative of s(d). What is g(-2)?
8
Let j(h) = h**2 - h - 4. Suppose -5*w + 2*w = 0. Give j(w).
-4
Let v(g) be the second derivative of 0 + 10/3*g**3 - 1/2*g**2 + 26*g. Determine v(-1).
-21
Let z(t) = 6*t**3 + 5*t**2 + 8*t - 4. Let m(l) = -l**3 - 2*l**2 - 2*l + 1. Let q(y) = -3*m(y) - z(y). What is q(2)?
-23
Let f(z) = -z**3 + 2*z**2 - 3*z + 1. Let v(i) = -i**2 - 7*i + 3. Let g be v(-7). Suppose -g = -m - 1. Let h be f(m). Let l(q) = -4*q - 5. What is l(h)?
15
Let k(h) = -h - 9. Suppose 0 = 3*s + j - 5*j - 53, 0 = 5*s + 3*j - 40. Let r = -16 + s. Let m be k(r). Let c(d) = 3*d + 2. Calculate c(m).
-10
Let x(n) = -n**3 + 9*n**2 - 8*n - 6. Let b = 127 + -119. Give x(b).
-6
Let v(c) = -2*c**2 - 10*c - 7. Suppose 10*x + 4*x + 84 = 0. Calculate v(x).
-19
Let c(w) = -9*w**2 + 5*w - 19. Let x(z) = 4*z**2 - 3*z + 9. Let k(b) = -b - 3. Let r be k(0). Let v(n) = r*c(n) - 7*x(n). Calculate v(4).
2
Let y(d) = -d**2 + d + 8. Let o(k) = -k**3 + 10*k**2 - 22*k. Let a(r) = -r + 1. Let i(f) = 6*a(f) - o(f). Let j be i(8). Determine y(j).
-22
Let x(i) be the second derivative of i**3/3 - 13*i**2 + 9*i + 2. Calculate x(13).
0
Let k(w) = -7*w**2 + 3*w + 23. Let p(u) = -11*u**2 + 4*u + 34. Let q(l) = 8*k(l) - 5*p(l). Let r(d) be the first derivative of q(d). Give r(7).
-10
Let k(h) = -h**3 + 2*h**2 - 3*h. Suppose -7 = -4*x + 9. Let n(w) = -5*w + 11*w - x*w - 3*w - 5. Let b be n(-7). Determine k(b).
-6
Let h(o) = -o**2 + 3*o - 1. Let t(j) = -3*j - 37 + j**3 + 40 + 0*j + 4*j**3 - j**2. Let b be t(1). What is h(b)?
-5
Let k(z) = 1533 - 5*z**2 + 1533 - 3070 - z**3. Give k(-5).
-4
Let i(s) = s - 1. Let r(t) = -t**2 - 2*t + 4. Let z be r(-4). Let k be 2/z*(-3 - -5). Calculate i(k).
-2
Let s(a) = -a**2 - 6*a - 2. Suppose 0*t + 2*t = 4*l + 4, -3*t - 10 = -2*l. What is s(t)?
-2
Let y(b) = b**2 + 4*b + 2. Let t(u) = -2*u**2 - 7*u - 3. Let x(a) = 4*t(a) + 7*y(a). Let w = 380 - 378. What is x(w)?
-2
Let d = -1 + -2. Let u(f) = f + 3. Let n(y) = y + 3. Let t(v) = -5*n(v) + 4*u(v). Calculate t(d).
0
Let c be (-4)/(-1 + 2/(-2)). Suppose -i = c*i - 6. Let r(g) = -3 + 2*g + 4 + 4*g**i + 0. Give r(-1).
3
Let d = -126 + 129. Let k(v) = -2*v**2 - 5*v**2 + 6*v**2 - d + 4*v. What is k(4)?
-3
Let y(w) = -w**2 + 4*w - 2. Suppose 12*c - 41 = -17. Suppose -2*z + h + 3*h = -20, 0 = -z - 5*h - 18. Suppose -6 + c = -z*r. Determine y(r).
2
Suppose 0*x + 20 = -5*x. Let m(r) be the first derivative of r**4/4 + r**3 - 2*r**2 + r - 647. Calculate m(x).
1
Let t(d) = d**3 + 36*d**2 - 37*d + 8. Let s be t(-37). Let a(q) = -q + 11. Calculate a(s).
3
Let j be (2/2)/1*6. Suppose 52*w = 46*w + j. Let v(r) = -9*r**3 + 2*r - 1. Calculate v(w).
-8
Let b(p) = 9*p + 5. Let h(t) = -25*t - 9. Let a(z) = -5*b(z) - 2*h(z). What is a(7)?
28
Let r(w) = 4 - 1290*w + 644*w - w**2 + 655*w + 2*w**2. Give r(-9).
4
Suppose 0 = -37*s - s + 342. Let y(n) = -n + 16. Determine y(s).
7
Let c(x) = x**2 + 7*x - 7. Suppose 5*g - 7 = -0*g + u, u - 1 = g. Suppose -g*o = -4 - 6. Suppose -z - 3*b - 2 = -9, 0 = z - o*b + 33. Determine c(z).
1
Let z(n) be the first derivative of n**3/3 + 3*n + 36. Let b be 0/((1 + -2)/(-1)). Suppose -4*j - 2*c = -b*c - 18, -3 = -3*c. Give z(j).
19
Let q(w) = -3 - 4 + 3 + 5*w - 2*w**2. Suppose s = 3*i + 1 - 3, -2*i - s = -8. Suppose 0 = -i*p - 2*f + 16, -f = 2*p - 5*f + 14. Determine q(p).
-7
Let m(v) = -2*v**2 - 15*v + 16*v - 5*v**3 + 7 + 4*v**3 + 5*v. What is m(-3)?
-2
Let b(h) = 0*h + 10*h - 12*h + 6*h - 3. Give b(5).
17
Let i(f) = -f**3 - 5*f**2 + 9*f + 9. Let s(r) = -5*r - 3. Let h be s(-3). Let w = 6 - h. Determine i(w).
-9
Let g(b) = -b**3 - 5*b**2 + 4*b - 7. Let v be 6*((-30)/9 + 0). Let n = v - -19. Let c be (n + (-3)/(-2))*-12. Determine g(c).
5
Suppose 0 = y + 4*y + 10. Let v be 15/10*2/3. Let k(i) = 7*i**3 + 9*i**2 - 9*i - 3. Let s(h) = h**3 + h**2 - h. Let p(a) = v*k(a) - 6*s(a). Calculate p(y).
7
Let h(q) be the third derivative of -q**4/8 + q**3/3 - 379*q**2. Let o be (-4)/(-10) - 18/(-5). What is h(o)?
-10
Let q(k) = k**2 - 5*k - 1. Suppose 11*a - 40 = 3*a. Calculate q(a).
-1
Let n(w) = 11*w**2 - 17*w + 1. Let z(y) = 9*y**2 - 15*y + 1. Let v(s) = -5*n(s) + 6*z(s). Let f(x) = x - 9. Let j be f(6). Determine v(j).
7
Let m(r) = r**3 - 3*r - 2*r**2 + 6*r**2 - r**2. Let k be m(-4). Let n(i) be the first derivative of i**2 - 2*i + 1526. Determine n(k).
-10
Let l(m) be the second derivative of 0 + 5*m - 2/3*m**3 - 1/12*m**4 + m**2 + 1/20*m**5. Determine l(3).
8
Let f be -6*11/231 + 111/21. Let n(t) = 6*t - 31. Calculate n(f).
-1
Let u(d) = -d**3 + 5*d**2 - 6*d + 1. Let a be u(4). Let j(g) = 2 - 25 + g + 24 + 2. Determine j(a).
-4
Let v = 46 - 44. Let g(d) = 0*d + 0*d - v*d. What is g(3)?
-6
Suppose -2*o - 31 = -3*a + 2*o, 21 = 5*a + o. Let c(p) be the third derivative of p**5/30 - 7*p**4/24 + p**3/6 - 14*p**2. What is c(a)?
16
Let g(m) = m + 2*m**2 - 1107 + 5*m**3 - 4*m**3 + 1109. Let r = -1 + -1. What is g(r)?
0
Let m be 2/(5/(-20)*-4). Let k(r) = 5 + m*r - 6*r - r - 2*r + r**2. Calculate k(5).
-5
Let l(y) = y**3 + 4*y**2 - 4*y. Suppose 22 = -4*u + 2. Determine l(u).
-5
Let r(f) = f**2 + 5*f + 10. Let m be r(-4). Suppose -m*x = -0*x - 6. Let o(p) = -2*p**3 + 2*p**2 - 2*p + 1. Calculate o(x).
-1
Let a(l) = -l**3 - 2*l**2 - 3*l + 2. Suppose 2*m + 19 = -3*q, q + m + 27 = 19. Give a(q).
20
Let c(x) = -x - 1. Let k(p) = -10*p**2. Let n = 11 + -10. Let f be k(n). Let s = 13 + f. Determine c(s).
-4
Let p(d) = 25*d**2 - 28*d - 5. Let k(l) = 4*l**2 - 2*l - 1. Let c(z) = -6*k(z) + p(z). Give c(14).
-27
Let k(x) = -x**2 + x**3 - 14*x + 23*x - 12 - 8*x + 11. Give k(0).
-1
Let t(j) = -2 + 36*j - 1 - 79*j + 42*j. Determine t(-4).
1
Let f(u) = -2*u**3 + 32*u**2 + 13*u - 22. Let h(m) = m**3 - 15*m**2 - 6*m + 9. Let g(j) = -3*f(j) - 7*h(j). Give g(9).
30
Let y(c) be the third derivative of -c**5/60 + c**4/3 - c**3/3 - c**2. Suppose -29 + 6 = -8*d + 41. Calculate y(d).
-2
Let g(d) = d + 4. Let p(o) = -13*o + 19. Let h(z) = 5*g(z) + p(z). Determine h(5).
-1
Let i(g) = g**3 + g**2 - 2*g + 1. Let s be 5 + 322/(-63) + (-19)/(-9). Suppose 2*h = -s*h + 8. Calculate i(h).
9
Let j(w) = -5*w**2 + 3*w**2 + 0*w**2 - 3*w + 3*w**2 + 2*w**3 - 2. Calculate j(-2).
-8
Let s(h) be the third derivative of -1/15*h**5 + 20*h**2 + 0*h + 2/3*h**3 + 1/12*h**4 + 0 + 1/120*h**6. Give s(4).
12
Let x(i) = -2*i**2 + 5*i - 18. Let c(u) = 3*u**2 - 6*u + 18. Let q(f) = -5*c(f) - 6*x(f). Let v(p) be the first derivative of q(p). What is v(-2)?
12
Let d(p) = -p - 18. Let g(b) = 2*b + 43. Let n(z) = 9*d(z) + 4*g(z). Give n(14).
-4
Let w(g) = 4*g**2 + 3*g + 8. Let f(v) = v**2 + v + 3. Let q(i) = -6*f(i) + 2*w(i). What is q(2)?
6
Suppose -3*m = 3*y + 6 - 3, -4 = -2*m + y. Let o(w) = -22*w**2 - w. Give o(m).
-23
Let k = 106 + -101. Suppose 0 = 3*v - 0*v + 2*o - 7, -2*v + k*o = 8. Let g(j) = 23*j + 1. What is g(v)?
24
Let f be 2 + 2/((-4)/6). Let p(y) = 18*y**3 + 2*y**2 + 2*y - 3. Let u(i) = i**3 + 1. Let d(o) = p(o) + 4*u(o). Determine d(f).
-21
Suppose 5*p - 9 = 6*p + 2*m, -m - 6 = p. Let v(z) = 2*z**2 + 0*z**2 + 1 + 0*z**2. What is v(p)?
19
Let d(t) = -10*t - 213. Let b be d(-21). Let l(a) = 4 - 4 + 3*a. Calculate l(b).
-9
Let o = 4 + 1. Let i(b) = 2*b**2 + 2*b + o*b**2 - b**3 - 8*b - 1. Let h(p) = -15*p + 1056. Let f be h(70). Calculate i(f).
-1
Suppose -6*r = -5 - 7. Let m(d) = -d**3 - 2*d + 1. What is m(r)?
-11
Let k(r) = -r - 2*r + 7*r + 2 + 9. Calculate k(-5).
-9
Let n(j) = -j**3 - 3*j**2 - 9*j - 12. Let p be n(-2). Let b(t) be the second derivative of -p*t**2 + 0 - 1/2*t**3 + 5*t. Determine b(-5).
11
Let w(r) = 4*r + 79. Let k(m) = m + 42. Let y(a) = -7*k(a) + 3*w(a). What is y(12)?
3
Let f(p) be the third derivative of p**8/2240 + p**6/360 - p**5/120 - 3*p**4/8 + 43*p**2. Let g(i) be the second derivative of f(i). Give g(1).
4
Let g(i) = i + 3. Let s be 10/3 - (-10)/15. Suppose -s*p + 2 + 6 = 0. Suppose 25 = -7*h + p*h. Calculate g(h).
-2
Let i(w) = -w**2 - 2*w + 12. Let n(p) = -p**2 - 2*p + 12. Let r(m) = -5*i(m) + 4*n(m). Give r(0).
-12
Let a = -220 + 220. Let w(v) = -v**2 + v + 33. Determine w(a).
33
Let f(k) = -10*k + 0*k**3 + 31*k + 3 + k**3 - 5*k + 12*k**2 - 5*k. What is f(-11)?
3
Let k(q) = 